divisor of w and l?
5
Let z = -57 - -61. What is the highest common factor of 36 and z?
4
Suppose -w + 21 = 4*f, 0 = 3*f - 2 - 10. Calculate the highest common factor of 2 and w.
1
Let y(i) = 11*i**2 + i. Let m be y(-2). Suppose -82 = 5*r - 152. What is the greatest common factor of m and r?
14
Let o(j) = j**3 + 5*j**2 + 2*j + 5. Let u be o(-5). Let r(b) = -3*b - 3*b - 2 - b. Let n be r(u). What is the greatest common factor of n and 22?
11
Suppose 66 - 6 = 3*z. Let t be 912/z - 6/10. What is the greatest common divisor of t and 18?
9
Suppose 6*x - 44 = 2*x. Suppose s = -5*h - 1, -s + 0*h = h - x. What is the highest common divisor of 14 and s?
14
Let x(y) = -y**2 - 16*y + 4. Let f be x(-15). Calculate the greatest common divisor of 209 and f.
19
Suppose -4*n + 4*f + 268 = -0*n, -n + 43 = 5*f. What is the highest common divisor of n and 42?
21
Suppose 2*p = -4*s, 2*p + 2 = -s - 4. Let c be (-11)/s*-2 + -1. What is the greatest common factor of c and 110?
10
Suppose 0 = -3*w - w + 240. Calculate the greatest common divisor of 12 and w.
12
Suppose 3*a = 4*a. Let j = 1 - -1. Let m = a + j. Calculate the highest common divisor of 2 and m.
2
Suppose a - 6 - 11 = -2*g, -2*a - 2*g + 34 = 0. Suppose 3*t + 1 = 52. What is the greatest common factor of t and a?
17
Let q(s) = -s - 17. Let z be q(-14). Let n be (-3)/z - (-1 + 0). Suppose -5*p + 67 - 17 = 0. Calculate the greatest common factor of n and p.
2
Let y be (63 - 13)*1/2. Suppose 2*m - 1 - 9 = 0. What is the greatest common factor of y and m?
5
Let t(i) = -2*i + 29. Let z be t(-13). What is the greatest common divisor of 5 and z?
5
Let k(l) = -l + 3. Let g be k(-4). Let t be (6/g)/(2/14). What is the greatest common divisor of 30 and t?
6
Suppose 2*n = 206 + 174. Suppose -2*i + n = 3*i. What is the highest common divisor of i and 57?
19
Let r(i) = 12*i - 15. Let p be r(5). Calculate the highest common divisor of 30 and p.
15
Let v be 8*(-1 + 1/2). Suppose 2*f - 20 = -4*h, -3*f - 15 = -0*h - 3*h. Let n = h - v. Calculate the highest common divisor of n and 9.
9
Let x = -85 - -137. Calculate the highest common factor of 78 and x.
26
Suppose -3*l + 2*l + x - 1 = 0, 3*l - 2*x = 0. Calculate the highest common divisor of l and 22.
2
Suppose 0 = -2*j + 7*j + 35. Let h(w) = -w**2 - 8*w - 5. Let t be h(j). Calculate the greatest common factor of t and 10.
2
Suppose -118 = -5*h + 2*y, y - 6 = -h + 19. Calculate the greatest common divisor of 3 and h.
3
Let v be (-496)/(-40)*10/4. What is the greatest common factor of v and 279?
31
Let j = -219 - -336. What is the highest common factor of 13 and j?
13
Suppose 7 - 3 = m. Suppose 2*x + k = 12, -x + 16 = -m*k + 2*k. Calculate the highest common factor of x and 12.
4
Let j be ((-24)/10)/((-4)/90). Suppose q + 30 = -j. Let c be (q/(-8))/((-3)/(-4)). Calculate the highest common divisor of c and 42.
14
Let t(h) be the third derivative of h**4/24 + 4*h**3/3 - h**2. Let j be t(-7). Calculate the highest common divisor of j and 9.
1
Suppose -40*p - 36 = -44*p. What is the highest common factor of 6 and p?
3
Let z be -1*(-2 - (10 - 1)). Suppose -170 = -4*v - 3*w, v = -v + w + 90. What is the highest common divisor of v and z?
11
Suppose -4*v - 52 = -4*h, 0*h = h - 2*v - 17. What is the greatest common divisor of h and 3?
3
Let c be ((-126)/8)/(5 - (-86)/(-16)). What is the highest common divisor of 14 and c?
14
Suppose -z + 44 = 5*q, 5*z - 44 = -0*q - 3*q. Calculate the highest common divisor of q and 32.
8
Suppose -y + 24 + 4 = 0. Let r = 4 + -2. Suppose -r*l + 10 = -4. What is the highest common divisor of y and l?
7
Suppose -5*r - q + 493 = 0, 4*q + 238 = 3*r - 67. Suppose -47 = -5*f - 2*b + 4*b, -2*b + 34 = 4*f. What is the greatest common factor of f and r?
9
Let h(i) = i**3 - i**2 - 10*i + 12. Let c be h(6). What is the highest common factor of 12 and c?
12
Suppose -2*b = 5*n - 216, -6 = 2*n + 4*b - 86. What is the highest common factor of n and 4?
4
Let j(m) = m + 5. Let s be j(-5). Suppose -3*r - 51 + 216 = s. Calculate the highest common divisor of 5 and r.
5
Suppose -25 = -5*d, 4*w + d = 6*d + 23. Suppose -2*i + 4*i = 2*k + w, k - 9 = -2*i. Suppose -17 - 28 = -i*g. What is the highest common divisor of g and 36?
9
Let u be (1 + 9)*42/7. Let h = 45 + -33. Calculate the greatest common divisor of u and h.
12
Suppose -5*f - d + 2*d + 15 = 0, -29 = -2*f + 5*d. Calculate the highest common factor of f and 10.
2
Let o(a) = 55*a**2 - a. Let f be (-6)/(-8) - (-10)/40. Let s be o(f). What is the highest common factor of 6 and s?
6
Let a = -1 + 4. Let w(d) = d - 1. Let t be w(a). Suppose t*u - 7*i + 14 = -2*i, 0 = 5*u + 5*i - 35. Calculate the highest common divisor of u and 6.
3
Suppose 3*a - 8 = -x + 16, 2*x + 5*a - 44 = 0. What is the highest common factor of 36 and x?
12
Let u = 2 - 2. Let z be 18 + (u - -2) - 0. Suppose -5 = -5*q + z. What is the greatest common factor of q and 15?
5
Let c(r) = r**2 - 3*r + 6. Let i be c(4). What is the highest common factor of i and 5?
5
Let i(g) be the third derivative of -g**4/24 + 2*g**3 + 2*g**2. Let b be i(6). What is the highest common divisor of 4 and b?
2
Let f(n) = -2*n - 1. Let p be f(-1). Calculate the greatest common factor of 3 and p.
1
Let s(t) = t + 4. Let k be s(4). Calculate the highest common factor of 8 and k.
8
Let a = -3 + 4. Let h be (50 - (0 + 2))/a. Suppose 5*i = -3*l + 120, -i = i - l - h. What is the highest common divisor of i and 60?
12
Let r be (-4)/6 - 14/6. Let m be -1 + 3 - 108/r. Let k be 190/(-1)*3/(-6). Calculate the highest common divisor of k and m.
19
Let l(o) = -o + 17. Let h be l(0). Suppose -4*n = -h - 7. What is the greatest common divisor of n and 6?
6
Let m = 29 + -2. Let w = 40 - m. Calculate the highest common divisor of 143 and w.
13
Suppose 2*v - 137 = -27. Let w(f) = -22*f**3 - f**2 - 2*f - 1. Let i be w(-1). Calculate the highest common divisor of v and i.
11
Let y be (18/(-12))/(2 - 23/10). What is the greatest common divisor of 15 and y?
5
Let x(u) = 57*u. Let c be x(1). Suppose 20 = -5*m, -m - c = -5*j + 2*m. Calculate the greatest common factor of 18 and j.
9
Let s(t) = 3*t**2 - 4. Let v be s(-2). Calculate the highest common factor of v and 24.
8
Let v be 28/(-4)*(-1)/1. Let o = 11 + v. Let s be ((-1)/4)/(3/(-24)). What is the highest common divisor of o and s?
2
Let m(n) = -n**2 + 16*n + 16. Let a be m(14). What is the highest common divisor of 4 and a?
4
Suppose 17 - 62 = -5*h. Let p = h + -4. Suppose 2*k - 135 = 3*j, -82 = -k + p*j + 3. Calculate the greatest common divisor of k and 12.
12
Let w = 112 - 92. What is the highest common divisor of 8 and w?
4
Suppose -11*w - 108 = -15*w. What is the greatest common divisor of 3 and w?
3
Let s(u) = -u**3 + 5*u**2 - 2*u + 6. Suppose 0 = -5*l + 6*l - 4. Let i be s(l). Calculate the greatest common factor of 28 and i.
14
Let c = -30 + 45. Suppose -4*a = -3*i - 75 + 12, 74 = 5*a + i. Calculate the highest common divisor of c and a.
15
Suppose -4*g - 3*s = -15, -2*s = -4*g - 0*g + 10. Suppose 3*y = 0, -g*y + 2*y = -4*k + 28. What is the highest common factor of k and 77?
7
Suppose -3*f + 20 + 7 = 0. Let x(r) = -7 - 3 + r + 3. Let n be x(8). What is the highest common factor of f and n?
1
Let j(x) = x - 8. Let l be j(11). Suppose -10 = -2*u - 2*g, 2*g = -l*u + 6*g + 36. Calculate the highest common factor of u and 2.
2
Let g = 5 + -3. Suppose g*x + 3*x = 80. Calculate the highest common divisor of 112 and x.
16
Let y be ((-6)/(-10))/(22/770). Calculate the greatest common factor of y and 14.
7
Let o be (3 + 3/2)/((-2)/(-68)). Suppose 42 = 5*n - 43. Calculate the highest common factor of n and o.
17
Let l = 9 + 1. Let r = 32 + -30. Calculate the highest common divisor of r and l.
2
Let i(a) = -11*a - 3. Let g be i(-8). Let x = -4 + 6. Let h be (-1)/(-2)*x*34. Calculate the highest common factor of g and h.
17
Let u be -1 - ((-15)/5 + -28). Calculate the highest common divisor of 40 and u.
10
Let a(q) = 56*q**2 + q + 1. Let d be a(-1). Calculate the greatest common factor of 8 and d.
8
Let s be ((-1)/2)/(1/(-4)). Let j = s - 0. Suppose 2*u - 4*z = 36, -2*u - 1 = -4*u - 3*z. What is the highest common divisor of j and u?
2
Let x = 60 + -19. Suppose -2*k = -11 - x. What is the greatest common factor of k and 39?
13
Suppose -61 = 